ommon factor of i and 20?
10
Let u be 1 + (1 + -3 - -11). Let m be (6/(-15))/(6/1020). Let s = 118 + m. Calculate the greatest common divisor of u and s.
10
Suppose m + 7*u = 9*u + 6, 2 = -4*m - 5*u. What is the greatest common divisor of m and 16?
2
Let r(p) = 2*p**2 + 22*p + 70. Let a be r(-10). What is the greatest common divisor of 70 and a?
10
Let v be (207/6)/(12/16). Let n = v - 43. Calculate the highest common divisor of 33 and n.
3
Let q be (-24)/(-9)*6/4. Suppose -m = 2*h + 4*m + 101, -4*h + q*m - 272 = 0. Let c = -33 - h. What is the highest common divisor of 6 and c?
6
Suppose 747 = 3*f - 4*i, 2*i = -0*f + 4*f - 1006. What is the greatest common factor of f and 69?
23
Let x = -8 + 6. Let o be (-7)/(8/x - -3). Let k be 4/(-18) - 317/(-9). What is the highest common factor of o and k?
7
Let n = 97 - -38. Calculate the highest common divisor of 108 and n.
27
Let b = 31 + -33. Let g be (b + -2)/4 - 1*-3. What is the greatest common divisor of g and 8?
2
Let l = -34 + 49. Let z(r) = 2*r**2 - 6*r - 11. Let k be (-21)/3*3/(-3 - 0). Let g be z(k). Calculate the highest common divisor of l and g.
15
Suppose 5*b - 26 + 1 = -5*f, -b - 10 = -4*f. Let a be ((1 - -1) + -1)*34. Suppose -a - 6 = -5*h. Calculate the highest common divisor of b and h.
2
Let f = -521 + 525. Calculate the greatest common factor of f and 17.
1
Suppose -33 - 19 = -4*x. Suppose 0 = 3*z + q - 14, z + 3*q = -3 + x. Suppose 184 = z*p - 2*p. What is the highest common factor of p and 23?
23
Suppose -5*t + 5*l - 10 = 0, 3*t + 2*l - 19 + 5 = 0. Calculate the greatest common factor of t and 124.
2
Suppose -116 = -o - 2*s, 0 = -2*o + 5*s + 422 - 154. What is the greatest common factor of 8 and o?
4
Suppose 12 = -5*r - 33. Let p = r - -23. Let f(b) = 2*b**3 - 4*b**2 - 5*b + 1. Let w be f(5). Calculate the greatest common divisor of w and p.
14
Let g = 23 + -8. Let v be (-7 - (-45)/10)*-2. What is the highest common divisor of v and g?
5
Let o be (-50)/3 + 2/3. Suppose 21*f = 87 - 3. Let r be o/(-20)*150/f. Calculate the highest common factor of r and 45.
15
Suppose -3*j - 36*w + 33*w + 18 = 0, 3*j = 3*w + 42. What is the greatest common factor of 5 and j?
5
Suppose -649 = -7*t + 79. What is the greatest common factor of t and 32?
8
Suppose 0 = 4*g + 3*i - 9, -g - 5*i = -4*g + 14. Let u be ((-4)/g)/((-14)/1764). What is the greatest common factor of 24 and u?
24
Suppose 0 = -f + l + 5, 5*f - 17 = -l - 2*l. Suppose 3*x - f = x. Let c be (-56)/12*(-3)/x. Calculate the highest common factor of c and 56.
7
Suppose -d + g = -97, d - 2*g - 101 = g. Suppose 0*m = 3*m + 3*s - 336, 236 = 2*m - 4*s. Suppose 0*b - m = -3*b. What is the greatest common factor of d and b?
19
Suppose 0 = 6*i - 400 + 64. What is the highest common factor of 448 and i?
56
Let l = -1057 + 1522. What is the greatest common factor of l and 15?
15
Suppose 6*j = 3*j + 9. Let f(i) = -i + 6. Let a be f(-6). Suppose 3*y - a = -3*x, x - 16 = -2*x - y. What is the highest common divisor of j and x?
3
Let t(o) = o**2 + 14*o - 12. Let u be t(-15). Suppose 0 = -4*i + u*i + 5. Suppose 0 = -k + 20 + i. What is the highest common divisor of k and 5?
5
Suppose -5*q = -7*q - 2. Let z be -1 - q - (-4 + 2). Let v be ((-12)/4)/(z/(-16)). Calculate the greatest common divisor of 6 and v.
6
Let s = -1640 - -1654. Calculate the greatest common factor of s and 1694.
14
Let o be 124/(-744) + 4627/6. What is the highest common divisor of 3 and o?
3
Let w be (-6)/5*14000/(-336). Suppose -x = -4*n + 500, 147 = n + 4*x + 22. Suppose 3*y - n = 2*y. Calculate the highest common factor of w and y.
25
Let s(h) = -h**2 + 7*h + 28. Let g be s(7). Calculate the highest common divisor of 238 and g.
14
Let o be 2*(-2 + 6)/1. Suppose -18 = -4*x - i, 2*i = -2*x - 3*i + 18. Suppose -3*k - 88 = -x*k. What is the greatest common divisor of o and k?
8
Suppose -l = g + 5, -2*g + 3*l + 5 = -0. Let t be 9/g*(-3 - 1). What is the greatest common divisor of 45 and t?
9
Suppose 12*l = 15*l - 72. Let r(j) = j**2 + 4*j - 40. Let f be r(0). Let k = 43 + f. What is the greatest common factor of k and l?
3
Let o be (-2335)/(-25) - (-2)/(-5). Let x be (-10)/4*((-188)/10 - 6). Calculate the greatest common factor of x and o.
31
Suppose 37*i = 38*i - 192. Calculate the highest common factor of i and 48.
48
Let i = 75 + -72. Suppose i*x - 70 = 14. What is the greatest common divisor of 70 and x?
14
Let v be 3162/8 + -5 + (-21)/(-12). Calculate the highest common divisor of v and 490.
98
Let t be (1 - 1) + 1819/17. Let i = -86 + t. Let u = -11 + 25. What is the highest common factor of u and i?
7
Let f = 46 + -32. What is the highest common factor of f and 49?
7
Let o = -61 + -14. Let m = -59 - o. What is the greatest common divisor of m and 8?
8
Suppose 0 = 3*b + 5*t - 4, -52 = 119*b - 124*b + 3*t. What is the greatest common factor of 62 and b?
2
Suppose 4*q + 12 = 0, 3*c + q = -3*q + 45. Suppose 5*v = -25 - 5. Let m be (v/8)/((-2)/456). What is the highest common divisor of m and c?
19
Let o(a) = -49*a**3 - 2*a**2 + 3. Let q be o(-1). Calculate the highest common divisor of 150 and q.
50
Suppose -18 = 2*q - 5*q - 3*b, -4*q + 5*b = -33. Let f = -150 + 214. Suppose 4*c = f + 48. What is the highest common factor of q and c?
7
Let w(x) = 208*x - 96. Let f be w(2). What is the highest common divisor of f and 2720?
160
Let w be (0 - 4)*(-54)/8. Suppose -10 = -3*g + 17. Let n(v) = v - 6. Let z be n(g). Calculate the greatest common factor of w and z.
3
Let v(i) = -i**3 + 7*i**2 - i + 14. Let f be v(7). Suppose 204 = f*l - 3*l. What is the highest common divisor of l and 17?
17
Let r = 1764 - 1518. What is the highest common divisor of r and 3?
3
Let d(u) = u**2 + 16*u + 17. Let w be d(-15). Suppose -w*j = -0*j + 4*m - 6, -4*j + 4*m = -36. Calculate the greatest common divisor of j and 14.
7
Let z = -32 - -48. What is the greatest common factor of z and 16?
16
Let l(s) = -3*s**2 - 35*s + 7. Let d be l(-8). Calculate the greatest common factor of d and 304.
19
Let a(f) be the third derivative of 7*f**4/3 + 7*f**3/2 - 5*f**2. Let x be a(6). Calculate the greatest common divisor of 51 and x.
51
Let g be (6/4)/((-6)/56 + 0). Let r be 46/10 - g/35 - 1. Calculate the greatest common factor of 8 and r.
4
Let a be 0/4*2/(-6). Suppose a = c + u + 4 - 25, -5*c + 2*u = -70. Let q = c + -9. Calculate the highest common factor of 63 and q.
7
Let b be 69/23*(-2)/2. Let d be 1/((-1120)/375 - b). What is the highest common divisor of 15 and d?
15
Let k(s) = -s**3 + s**2 - 4*s + 20. Let t be k(0). What is the highest common factor of t and 50?
10
Suppose -4*u = 0, -2*u + 10 = -s + 3*s. Suppose 2*c + 3*i = 2, -3*c + 5*i = -s*c - 2. What is the highest common divisor of 40 and c?
4
Suppose 2*t - 284 = 4*l, 4*l - 696 = -6*t + t. Suppose g + g - t = 0. What is the highest common factor of 10 and g?
10
Suppose 2*t = 150 - 18. Let a be 1200/198 - (-12)/(-198). Calculate the highest common factor of t and a.
6
Let t be (928*2)/(49 + -47). What is the highest common factor of 8 and t?
8
Suppose 0 = 4*t - 12 - 0. Let a(l) = 2*l**2 + 26*l + 24. Let z be a(-10). Let o = 45 + z. Calculate the highest common divisor of t and o.
3
Suppose -68*t - 64*t = -120*t - 552. Suppose -2*o + o = 5*n - 114, -n + 20 = 3*o. Calculate the greatest common factor of n and t.
23
Suppose 3*b = 2*i + 86, 4*b - 25 = i + 93. Suppose 2*t - 19 = 57. Let j = t - b. What is the highest common divisor of 64 and j?
8
Let i(u) = -28*u + 11*u**2 - 4 + 32*u - 9*u**2. Let b be i(-4). What is the highest common divisor of 24 and b?
12
Let s(f) = -f**2 + 8*f + 2. Let t be s(8). Let o = t + 0. Let b be (-469)/(-28) - o/(-8). Calculate the greatest common factor of 119 and b.
17
Let l be (0 - -1)/((-6)/42). Let b = l - -10. Suppose 0*x + 5 = -4*j - 5*x, 10 = -b*j - 5*x. Calculate the highest common factor of j and 2.
1
Let t(k) = -k**3 + 15*k**2 - 16*k + 21. Let f be t(10). Calculate the highest common factor of f and 19.
19
Let r = -12 - 5. Let i = r - -34. Let f(g) = 8*g + 1. Let v be f(2). What is the highest common divisor of i and v?
17
Let r(o) = -2*o**2 - 9*o + 40. Let w be r(-7). Calculate the highest common factor of w and 125.
5
Suppose -3*x + 894 = -0*g + 2*g, 2*g - 594 = -2*x. Calculate the greatest common factor of x and 12